t u(p) = -5*p**3 + 294*p**2 - 204*p - 1618. What is u(58)?
6
Let n(l) = 17*l**2 + 1014*l + 2840. Calculate n(-56).
-632
Let c(b) = -9*b**2 - 576*b + 12392. What is c(17)?
-1
Let b(n) = -n**3 - 256*n**2 + 1314*n + 2341. What is b(-261)?
-8
Let h(t) = -8*t**3 + 7*t**2 - 58*t + 70. Calculate h(2).
-82
Let c(v) = 3*v**2 - 44*v - 433. Give c(-10).
307
Let q(m) = -3128*m + 43110. Determine q(14).
-682
Let l(x) = -2*x**3 + 100*x**2 - 1180*x + 36. Give l(31).
-26
Let q(r) = -98*r**2 - 4362*r + 16410. Calculate q(-48).
-6
Let k(r) = -2*r**3 + 35*r**2 - 90673*r + 1450000. What is k(16)?
0
Let y(q) = -866*q + 24238. What is y(28)?
-10
Let d(j) = -j**2 - 906*j + 19323. Determine d(21).
-144
Let z(f) = -243607*f - 82095565. Calculate z(-337).
-6
Let a(c) = 11*c**2 + 12*c - 333. Give a(-9).
450
Let r(x) = 7*x**2 + 279*x - 33. Give r(-19).
-2807
Let a(b) = 8*b**2 - 264*b - 1042. Give a(-4).
142
Let f(t) = t**2 + 222*t + 9942. What is f(-158)?
-170
Let y(n) = 10412*n + 72890. Calculate y(-7).
6
Let u(y) = 421*y - 14634. Give u(45).
4311
Let n(v) = -16*v**2 - 885*v - 12024. Calculate n(-24).
0
Let m(o) = -38*o**2 + 8244*o + 447. Give m(217).
13
Let x(w) = w**3 + 65*w**2 + 796*w - 252. Calculate x(-17).
88
Let k(h) = -h**2 + 428*h - 9282. Calculate k(23).
33
Let j(o) = -o**3 - 33*o**2 - 230*o + 7. Give j(-10).
7
Let s(n) = -1371*n - 21943. What is s(-16)?
-7
Let k(y) = y**3 - 51*y**2 + 230*y + 261. What is k(45)?
-1539
Let j(b) = 175*b + 1089. Give j(-3).
564
Let z(t) = 23276*t + 488770. Calculate z(-21).
-26
Let f(c) = -8*c**2 - 255*c + 25760. Calculate f(43).
3
Let c(p) = 2409*p - 10855. What is c(4)?
-1219
Let w(c) = -10*c - 3230. Give w(-11).
-3120
Let l(w) = -6*w**3 - 1077*w**2 - 540*w - 566. Give l(-179).
-29
Let d(c) = 2*c**2 - 208*c + 1772. Calculate d(10).
-108
Let y(t) = -35*t**3 - 312*t**2 - 570*t - 5371. Calculate y(-9).
2
Let g(d) = -d**3 + 17*d**2 + 137*d - 132. Give g(23).
-155
Let z(f) = 382*f**2 - 1258*f + 386. Calculate z(3).
50
Let b(r) = 295*r**3 - 54*r**2 - 49*r + 5. Determine b(-1).
-295
Let d(r) = 266347*r - 2130756. Calculate d(8).
20
Let c(r) = -11*r**2 - 948*r + 6620. Give c(7).
-555
Let i(b) = 2*b**3 - 5*b**2 + 80*b - 785. Give i(0).
-785
Let l(r) = r**2 - 5232*r + 4523927. Give l(1093).
0
Let d(i) = -10*i**2 + 354*i + 129. What is d(38)?
-859
Let j(q) = -q**3 + 2*q**2 + 516*q - 2506. Give j(5).
-1
Let l(m) = 246*m + 3410. Give l(-14).
-34
Let z(t) = t**3 + 77*t**2 + 65*t + 4732. Determine z(-77).
-273
Let y(a) = -2*a**3 - 336*a**2 - 991*a - 165. What is y(-165)?
0
Let w(g) = 8510*g**2 - 51103*g - 11. What is w(6)?
-269
Let g(b) = -b**2 - 418*b - 9362. Determine g(-23).
-277
Let j(v) = 41*v**2 - 19834*v + 19836. Calculate j(1).
43
Let d(b) = -669*b + 15442. Give d(23).
55
Let j(g) = -22*g**3 + 1997*g**2 + 278*g + 16107. Calculate j(91).
0
Let r(n) = -n**2 + 239*n + 4994. Calculate r(258).
92
Let q(n) = 456*n**3 - 365712*n**2 + 2*n - 1601. Determine q(802).
3
Let u(r) = -39256*r + 902912. Give u(23).
24
Let r(s) = 35*s**2 + 4567*s + 28149. Calculate r(-124).
1
Let m(s) = -4*s**3 + 15*s**2 - 120*s + 797. Determine m(9).
-1984
Let w(g) = 5*g**3 + 114*g**2 + 77*g - 156. Calculate w(-22).
86
Let s(w) = 3*w**3 + 138*w**2 - 17*w - 786. Calculate s(-46).
-4
Let b(l) = l**3 + 367*l**2 - 30091*l + 474. Give b(69).
-9
Let t(q) = q**3 + 25*q**2 + 54*q + 73. Determine t(-24).
-647
Let l(b) = 2509*b - 1146622. What is l(457)?
-9
Let m(g) = -17*g**2 - 1302*g - 3926. What is m(-3)?
-173
Let p(s) = -2*s**2 - 5788*s + 549422. What is p(92)?
-2
Let b(j) = -5*j**2 + 421*j + 6109. Determine b(-13).
-209
Let j(z) = 43*z**2 + 722*z + 2877. What is j(-10)?
-43
Let z(g) = -28920*g - 231201. Calculate z(-8).
159
Let i(j) = -j**2 - 351*j + 20760. Give i(52).
-196
Let u(k) = 422684*k - 1268272. Determine u(3).
-220
Let b(j) = 108*j + 2389. Calculate b(-37).
-1607
Let b(r) = -1841*r + 15020. Calculate b(7).
2133
Let a(p) = 1661488*p + 26583809. What is a(-16)?
1
Let d(w) = 174529*w - 174527. Determine d(1).
2
Let s(n) = 7659*n - 352389. Calculate s(46).
-75
Let n(o) = -2566*o + 436410. Determine n(170).
190
Let z(l) = -l**2 - 1234*l + 142164. Calculate z(106).
124
Let s(d) = -d**3 - 60*d**2 + 187*d - 101. What is s(-63)?
25
Let d(p) = -404*p - 22486. What is d(-58)?
946
Let u(a) = a**2 - 964*a + 211303. What is u(337)?
4
Let l(w) = -w**3 + 15*w**2 + 330*w - 5022. Determine l(18).
-54
Let a(b) = -29*b**2 + 27298*b + 73642. What is a(944)?
10
Let z(o) = 5*o**2 - 3877*o + 38558. Determine z(10).
288
Let o(j) = j**3 - 25*j**2 - 153*j + 4824. Give o(22).
6
Let n(y) = -15*y**3 - 17*y**2 - 74*y - 32. Calculate n(-4).
952
Let p(m) = m**3 - 46*m**2 + 62*m + 5975. Calculate p(41).
112
Let i(u) = -u**2 - 522*u + 56243. Calculate i(92).
-245
Let u(k) = 3319*k + 12985. Calculate u(-4).
-291
Let t(l) = -33748*l - 135232. What is t(-4)?
-240
Let i(d) = -52*d**2 - 1038*d + 55. Calculate i(-20).
15
Let q(j) = -3918*j + 23914. Give q(6).
406
Let c(d) = 9*d**3 - 1666*d**2 + 43*d + 26286. Calculate c(185).
16
Let f(t) = t**2 + 295*t - 5920. Give f(18).
-286
Let n(t) = -2*t**3 - 307*t**2 - 740*t + 2253. Calculate n(-151).
-12
Let o(x) = -228*x + 3695. Determine o(17).
-181
Let i(q) = 86*q - 13528. Calculate i(164).
576
Let p(d) = d**3 - 172*d**2 + 1763*d + 924. Give p(161).
-364
Let p(o) = -o**3 - 8*o**2 + 802617*o + 7223450. What is p(-9)?
-22
Let v(w) = 50499*w - 151507. Determine v(3).
-10
Let m(k) = 56*k**2 + 38968*k - 5562. Calculate m(-696).
6
Let k(n) = 7*n**2 + 374*n + 4749. What is k(-21)?
-18
Let m(u) = -u**3 - 16*u**2 - u - 601. Give m(-18).
65
Let j(o) = -2*o**2 - 2548*o + 83585. Calculate j(32).
1
Let a(b) = 23*b**2 - 355*b + 711. What is a(13)?
-17
Let l(t) = t**3 + 17*t**2 + 318*t + 1915. What is l(-8)?
-53
Let l(r) = -117*r**2 + 2564*r - 2563. Determine l(1).
-116
Let y(d) = -404*d + 88593. Calculate y(219).
117
Let y(f) = 8*f**2 - 1709*f + 11978. Calculate y(7).
407
Let o(t) = t**3 + 16*t**2 + 35*t - 709. Give o(5).
-9
Let r(y) = y**3 - 149*y**2 + 582*y + 340. Give r(145).
630
Let r(k) = -78203*k - 14389346. What is r(-184)?
6
Let x(z) = -z**3 + 48*z**2 + 355*z - 196. Determine x(-7).
14
Let d(z) = -1345*z - 56450. Determine d(-42).
40
Let i(c) = -3*c**2 + 211*c + 1155. Determine i(-5).
25
Let b(s) = -3*s**3 + 70*s**2 - 93*s + 927. What is b(23)?
-683
Let h(j) = -1533*j - 31229. Give h(-21).
964
Let u(m) = -97*m + 3389. What is u(35)?
-6
Let c(t) = -11338*t - 1054432. Give c(-93).
2
Let j(x) = -34*x**3 - 5*x**2 - 43*x - 117. Give j(-3).
885
Let h(l) = -l**3 + 6*l**2 + 10708*l - 74921. What is h(7)?
-14
Let j(w) = 5*w**3 + 18*w**2 - 145*w - 584. What is j(-4)?
-36
Let g(i) = -4*i**3 - 760*i**2 - 8536*i + 1372. Calculate g(-178).
-52
Let t(k) = 98*k - 7128. Determine t(76).
320
Let y(v) = -26018*v - 78057. Give y(-3).
-3
Let w(z) = 3*z**2 - 583*z + 3483. Give w(6).
93
Let x(w) = 14*w**2 - 220*w + 1069. Determine x(6).
253
Let c(g) = -799*g - 145427. Calculate c(-182).
-9
Let y(j) = -j**3 - 20*j**2 + 12*j + 432. Determine y(-19).
-157
Let p(c) = 187*c + 3676. What is p(-17)?
497
Let y(z) = -3*z**3 + 1330*z**2 + 17345*z - 7746. Give y(456).
6
Let k(i) = -4*i**2 - 153*i - 1416. Determine k(-20).
44
Let x(i) = -108*i - 655. Calculate x(-19).
1397
Let z(j) = -24*j**3 - 3334*j**2 + 275*j - 424. Calculate z(-139).
-7
Let n(p) = -p**3 + 17*p**2 + 24*p + 81. Give n(16).
721
Let q(v) = -v**3 - 91*v**2 + 6475*v - 56. Calculate q(47).
-573
Let j(w) = 19*w**2 - 2422*w - 64198. What is j(150)?
2
Let m(g) = -5*g**3 - 11*g**2 - 32*g + 85. Determine m(-5).
595
Let b(w) = 49772*w + 199164. What is b(-4)?
76
Let o(p) = -2*p**3 + 28*p**2 - 8*p - 129. Calculate o(0).
-129
Let m(j) = -2*j**3 + 114*j**2 + 572*j + 2977. Give m(62).
1
Let r(k) = k**3 - 1119*k**2 + 49370*k - 13068. Calculate r(1073).
-192
Let w(t) = 15*t**2 - 354*t - 6426. What is w(-12)?
-18
Let b(m) = -226882*m + 453775. What is b(2)?
11
Let n(o) = -294132*o - 5882638. Determine n(-20).
2
Let w(f) = -10*f**2 + 4952*f + 4942. Calculate w(-1).
-20
Let h(c) = -c**3 - 264*c**2 + 122*c + 32188. Give h(-264).
-20
Let y(o) = -9202*o + 174821. Determine y(19).
-17
Let n(r) = -291*r**2 + 14562*r - 347. Calculate n(50).
253
Let o(y) = -1456*y + 179062. Calculate o(123).
-26
Let p(f) = -88*f - 666. Calculate p(-6).
-138
Let w(t) = 